292 - 287. Let u = 4 - -13. Let b = u - i. What are the prime factors of b?
2, 3
Let x(d) = 4*d**2 - 6*d + 60. Let p be x(10). Suppose -5*r + p = -310. List the prime factors of r.
2, 71
Let p = -1989 + 5159. What are the prime factors of p?
2, 5, 317
Suppose f + 7 = -3*a, -7 = -2*f - 2*a - 13. Let h(n) = -n**3 - n**2 - n + 1. Let k be h(3). What are the prime factors of (4/8)/(f/k)?
19
Let y = -11 + 5. Let f be 5/(-15) + 4/y. What are the prime factors of (f - 0)*(2 + -5)?
3
Let s(h) = 352*h - 52. List the prime factors of s(11).
2, 5, 191
Let q(u) = 2*u + 9. Let s(m) = m**2 + 7*m + 37. Let v(c) = -9*q(c) + 2*s(c). What are the prime factors of v(5)?
23
Suppose -2*v = -10, -f + 27 = 4*v + 2. Suppose -5*w = -4 - 16, 3*w = f*o - 253. What are the prime factors of o?
53
Suppose 4*u - 78 = -270. Let p be ((-5)/10)/((-3)/u). Let q = p - -10. What are the prime factors of q?
2
Let h = -37 - -162. Suppose -481 - h = -6*q. What are the prime factors of q?
101
Suppose 9*z - 4*z + 4*j = 172, -2*j = 4*z - 140. What are the prime factors of z?
2, 3
Let r(f) = 2*f - 11. Let u be r(7). List the prime factors of (7/(-21) - (-85)/u) + 2.
2, 3, 5
Suppose -5*q + 5*z = -1145, z - 1 = 4*q - 932. What are the prime factors of q?
2, 3, 13
Let n(y) = -3*y - 24. List the prime factors of n(-15).
3, 7
Let r be ((3 - 6) + 0)/((-12)/304). Let i = r + -56. What are the prime factors of i?
2, 5
Let c(p) = -p**2 - 11*p + 5. Let h be c(-11). Let m(j) = -j**2 + 6*j + 7. What are the prime factors of m(h)?
2, 3
Let x = -96 + 96. Suppose x*u - 3*u = 5*z - 396, 0 = 3*z + 2*u - 237. List the prime factors of z.
3
Let b(w) = 2*w + 8. Let j be b(-4). Suppose 7*n - 4*n - 18 = j. Suppose 0 = 2*k - n*k + 40. List the prime factors of k.
2, 5
Suppose 5*v = 3*v + 2. Suppose 0 = -l + 4*s + v, 23 + 15 = 2*l + 4*s. Let i = 19 + l. What are the prime factors of i?
2
Let a(q) = 4*q**2 + 15*q - 32. Let x(b) = 7*b**2 + 30*b - 64. Let g(l) = 5*a(l) - 3*x(l). What are the prime factors of g(-13)?
2, 29
Let h = -42 + 259. List the prime factors of h.
7, 31
Let z(c) = c**2 - 3*c - 3. Let j be z(7). Let t = -20 + j. Suppose 0*r + t*r = 2*s - 26, -82 = -4*s - 5*r. What are the prime factors of s?
2, 3
Let k be (-3)/(-5) - 132/(-30). Suppose k*h + 5*w - 30 = 0, 2*w + 34 = 4*h + w. Let v(u) = 4*u - 3. List the prime factors of v(h).
29
Let y be -10 - (-2)/(-1)*1. List the prime factors of 190/4 + 18/y.
2, 23
Let c(p) = -p + 200. List the prime factors of c(23).
3, 59
Let q(i) = 13*i**2 + 37*i - 9. List the prime factors of q(-7).
3, 41
Suppose 5*o - g + 2*g = 3361, -3*g = -3*o + 2031. List the prime factors of o.
673
Let d(q) = -q**3 - 17*q**2 - 17*q - 9. Let f be d(-16). Suppose 65 = 9*s - f. What are the prime factors of s?
2
Let y(z) = 3*z**2 - 31*z + 22. What are the prime factors of y(43)?
2, 3, 353
Let o = -20 + 23. Suppose o*i - 11 = 4*i. Let w = i - -19. List the prime factors of w.
2
Let j = 806 + -398. What are the prime factors of j?
2, 3, 17
Let b(l) = -3*l**2 + 6*l. Let f be b(6). Let w = 721 - 836. Let m = f - w. What are the prime factors of m?
43
Let f = 2 + 1. Suppose f*u + 2*r = 46, 5*u - 4*r = -2*r + 98. Suppose 2*b + 3*p - u = 0, 3*b = 2*p + 3*p - 11. What are the prime factors of b?
3
Let v(y) = 0*y**3 + y**3 + 15*y**2 + 21 + 7*y + 14*y. List the prime factors of v(-13).
2, 43
Suppose g = 11*g - 6710. What are the prime factors of g?
11, 61
Let k(n) = -n + 16. Let h be k(-1). Let d = -2 - -10. Let z = d + h. List the prime factors of z.
5
Let q(s) = 2*s**3 + 8*s**2 - s - 3. Let l be q(-5). Let p = l + 55. What are the prime factors of p?
7
Let b(o) = o + 1. Let v be b(2). Suppose v = i - 1. Let j = i - -8. What are the prime factors of j?
2, 3
Let s(z) = -21*z - 1. Let m be s(2). Let o = 13 + m. Let b = o + 58. List the prime factors of b.
2, 7
Suppose 27*m - 103322 = -15734. What are the prime factors of m?
2, 811
Suppose -67275 = 159*o - 198*o. List the prime factors of o.
3, 5, 23
Let i = 40 - -137. What are the prime factors of i?
3, 59
Let x be -1 - (-13)/2*2. Suppose -x = -5*i + i. List the prime factors of (i - 1) + 24 + 1.
3
Let g(u) = 21*u**2 - 7*u - 4. Let n be g(5). Suppose 5*b = 11*b - n. What are the prime factors of b?
3
Suppose -156 = -x - i, 0 = x - 0*i - 5*i - 132. Suppose -235 = -5*g - 3*j + j, -3*g + x = -j. What are the prime factors of g?
7
Suppose 5*v - 2*j + 0*j = 29, 2*v - 5*j = -1. Let u be (-3 + 2)/1*v. Let a = u - -14. List the prime factors of a.
7
Let q be (-9 - -3)*9/(-2). What are the prime factors of ((-18)/q)/(2/(-96))?
2
Let t(g) = -g + 15. Let x be t(8). Suppose -x = -v - 5. Suppose -15 = -3*k, -195 = -v*n - 4*k - 49. What are the prime factors of n?
3, 7
Let o = -813 + 1205. List the prime factors of o.
2, 7
Suppose 9*g = 5*g + 440. What are the prime factors of g?
2, 5, 11
Let k(d) = 2*d**2 - 5*d + 2. Let c be k(3). Suppose -c*n + 198 = n. List the prime factors of n.
3, 11
Let y(t) = 5*t - 21. Let i be y(5). Suppose -60 = -2*u + i*h, 4*u - 25 - 107 = 4*h. List the prime factors of u.
2, 3
Let c(z) = -z**2 + 4*z - 17*z + 0 - 1. Let t(s) = -s**3 + 6*s**2 - 9*s + 12. Let l be t(5). List the prime factors of c(l).
3, 13
Suppose -33*z = 3*z - 118224. What are the prime factors of z?
2, 821
Let w be 0 + -4 + 6 + 4. Suppose -u - w + 8 = 0. Suppose -u*b + 136 = 2*b. What are the prime factors of b?
2, 17
Suppose -54 = c - 19*c. What are the prime factors of c?
3
Let m = -2970 + 6676. List the prime factors of m.
2, 17, 109
Suppose -171*k - 143468 = -197*k. What are the prime factors of k?
2, 31, 89
What are the prime factors of (5/(-3))/(20/(-3240))?
2, 3, 5
Suppose -6*c + 5*c = z - 2, 0 = 4*z + 3*c - 6. Suppose z = -9*y + 2414 - 839. List the prime factors of y.
5, 7
What are the prime factors of 3650/6 + (12/(-9) - -1)?
2, 19
Let t(h) = -8*h**3 + 10*h**2 - 8*h - 1. Let x(u) = 15*u**3 - 19*u**2 + 15*u + 2. Let w(a) = -11*t(a) - 6*x(a). What are the prime factors of w(-4)?
199
Let v = 195 + -202. Let m(s) = 3*s**3 - 5*s - 10*s**2 - 5 + 3*s**2 - 4*s**3. What are the prime factors of m(v)?
2, 3, 5
Let c(b) = 137*b**2 + 18*b - 66. List the prime factors of c(3).
3, 11, 37
Let q = 18 + -24. Let l = q - -82. What are the prime factors of l?
2, 19
Suppose 1521 = -10*b + 12681. What are the prime factors of b?
2, 3, 31
Let n(l) = l**3 - 7*l - 9. What are the prime factors of n(5)?
3
Suppose 2*g + 10 = -0*g. Let x be -3 - ((g - -2) + -4). Suppose y - 45 = -x*o + 6*y, 5*y + 30 = 3*o. List the prime factors of o.
3, 5
Let r = -10 - -19. Suppose 2*q + 3 = r. Suppose -4*o + 22 = -3*o - q*a, -4*o - a + 49 = 0. What are the prime factors of o?
13
Let o be -10*(-4 + 2 + 3). What are the prime factors of (209/3)/(o/(-30))?
11, 19
Suppose -3*j - 10 = -130. Suppose 3*o = -2*m + 30, -m = -4*o + m + j. List the prime factors of ((-8)/o)/(8/(-100)).
2, 5
What are the prime factors of (302860/(-228))/((-10)/18)?
3, 797
Let k be (2/(-3))/((-14)/21) - -4. Suppose -x - 1024 = -k*x. List the prime factors of x.
2
Suppose 3*i = -5*i + 4448. What are the prime factors of i?
2, 139
Let y be 2*-1 - (-5 - 1). Suppose 0*u + 3*u - 19 = -5*d, -23 = -3*d + y*u. Suppose 4*j = x - 8, 5*j = d*x - 17 - 38. List the prime factors of x.
2, 3
Suppose 0 = x - 2. Suppose 0*g = x*g - 24. Suppose -3*j = j - g. What are the prime factors of j?
3
Let g = -26 - -29. Suppose -c = 1 - g. What are the prime factors of c?
2
Let s(o) be the second derivative of 5*o**3/6 - 6*o**2 + 7*o. What are the prime factors of s(10)?
2, 19
Suppose 2*b = -2*d + 390, 5*d - 4*b - 260 - 751 = 0. Let o = d + -118. List the prime factors of o.
3
Let v be 2/((6/27)/1). Suppose -4*h - 4*w + 3 + v = 0, 3 = -h + 5*w. Suppose 0 = h*c - 5 - 9. What are the prime factors of c?
7
Let r(g) = -7*g**2 + 3*g + 4. Let x(v) = 22*v**2 - 9*v - 13. Let o(n) = -7*r(n) - 2*x(n). List the prime factors of o(4).
2, 3, 11
Let y = -44 - -55. Let n = y - -80. List the prime factors of n.
7, 13
Let m(a) = -a**2 + a**3 + 3*a**2 + 3 - 2*a**3 + 0 + 2*a. List the prime factors of m(-4).
7, 13
Let w(a) = 27*a**2 + a - 1. Let k be w(4). Suppose -30*s = -25*s - k. What are the prime factors of s?
3, 29
Let n(q) = -q**3 + 12*q**2 + 12*q + 3. Let v be n(13). Let i = v + 18. List the prime factors of i.
2
Let f(u) = -5*u + 65. Let r be f(28). List t